
In base 7, what is -121062 - -30?
-121032
In base 7, what is 403 - 3436231?
-3435525
In base 15, what is 66b26 + -1065?
65ab1
In base 7, what is -30535 - 630414?
-661252
In base 4, what is 122032123 + 223?
122033012
In base 5, what is -11 + -34112220343?
-34112220404
In base 5, what is 1232204 - 203241?
1023413
In base 14, what is -47133c + -3?
-471341
In base 4, what is -201120031133223 - 3?
-201120031133232
In base 8, what is -5116 - -222043?
214725
In base 5, what is -4020112 - -33?
-4020024
In base 14, what is dc - -75144b?
751549
In base 8, what is 1215 - -44123?
45340
In base 11, what is -93402a + -8?
-934037
In base 10, what is 746030 + -2?
746028
In base 6, what is 4512530511 - -1?
4512530512
In base 6, what is 151444232022 - -3?
151444232025
In base 4, what is -2 - -12123230100012?
12123230100010
In base 4, what is 2123123132 - 112220?
2123010312
In base 12, what is -3b9b + -9769?
-11748
In base 2, what is 11 + 11101000100101011100110100?
11101000100101011100110111
In base 16, what is 23e + -5b209?
-5afcb
In base 5, what is 30124 + -102231143?
-102201014
In base 7, what is 11 + 1004301?
1004312
In base 12, what is 1ba5931 + -2?
1ba592b
In base 16, what is -1b52 + -2349?
-3e9b
In base 5, what is -141432023 - -1134?
-141430334
In base 5, what is 0 - 31001103022?
-31001103022
In base 12, what is 117 + b874b?
b8866
In base 15, what is -2ed133 + 279?
-2ecda9
In base 15, what is 60 + 114c?
11ac
In base 16, what is -6 - -37d015d?
37d0157
In base 2, what is -101001 - 111001011001000?
-111001011110001
In base 2, what is 0 + 1100001101100000010000001?
1100001101100000010000001
In base 6, what is 13002 - -222410?
235412
In base 15, what is -d60c7e + 3?
-d60c7b
In base 14, what is 2607 + 1259?
3862
In base 5, what is -3 + 343132143402?
343132143344
In base 15, what is -1 + ae1866?
ae1865
In base 2, what is -1100110001001011111110100 - 1?
-1100110001001011111110101
In base 8, what is 1450310 + -113?
1450175
In base 7, what is 235514530 - 12?
235514515
In base 14, what is 41 - 38ca?
-3889
In base 14, what is 1 - 34d45d98?
-34d45d97
In base 7, what is 45065466 + 5?
45065504
In base 16, what is -1b743 + -7?
-1b74a
In base 8, what is 375446 + -2160?
373266
In base 15, what is 3 - -de369a?
de369d
In base 4, what is -32302222002313 - 11?
-32302222002330
In base 6, what is 1411 - 500?
511
In base 11, what is 1 - -1a42535?
1a42536
In base 2, what is 11001101000011110000011100111 + -11?
11001101000011110000011100100
In base 15, what is 3 + 4e6914d?
4e69151
In base 11, what is -a8a227 + -a?
-a8a236
In base 2, what is 11011110001111011100010 - -1001101?
11011110001111100101111
In base 3, what is -1021102220011 + 1010121?
-1021101202120
In base 4, what is -3202120012003 - -1?
-3202120012002
In base 10, what is 8618 - -1463?
10081
In base 2, what is -1011000110001001111010 - 1001?
-1011000110001010000011
In base 10, what is -664 - -4382?
3718
In base 8, what is 4 - 121261017?
-121261013
In base 10, what is 2563368 - -31?
2563399
In base 2, what is -110001100010 + 10001110110011?
1011101010001
In base 13, what is -21 - -1925573?
1925552
In base 5, what is 14321324333 - -43?
14321324431
In base 5, what is 44344432410 - -3?
44344432413
In base 3, what is 21110001112012 + 2?
21110001112021
In base 5, what is -2 - -144221011240?
144221011233
In base 7, what is 1036024413 + 14?
1036024430
In base 16, what is 3720a - -1ad?
373b7
In base 11, what is a4224 - 3?
a4221
In base 4, what is 12100110111 - -21?
12100110132
In base 7, what is -1350 - 1614353?
-1616033
In base 14, what is -332daa - -d4?
-332cb6
In base 12, what is 616ba - 1a6?
61514
In base 11, what is 3556a3 + -1?
3556a2
In base 16, what is -4 + b4ef?
b4eb
In base 6, what is 3103010225 + 10?
3103010235
In base 15, what is -248 - -1d8b?
1b43
In base 9, what is 73 + 38388?
38472
In base 12, what is -35 - -3aa448?
3aa413
In base 12, what is 663bb426 - -4?
663bb42a
In base 13, what is -6b8 - -21a5?
17ba
In base 13, what is 60 - 2ca88?
-2ca28
In base 16, what is 56 - -d8806?
d885c
In base 6, what is -40233 - -2143?
-34050
In base 11, what is -150 + 1a115a?
1a100a
In base 11, what is 294090 - -20?
294100
In base 6, what is -5 - 1200004331?
-1200004340
In base 12, what is -7274 + -682?
-7936
In base 8, what is 7 + -124600?
-124571
In base 10, what is -53 - 142286?
-142339
In base 3, what is 2 + 2001000120122002?
2001000120122011
In base 5, what is -3 + 34344210?
34344202
In base 4, what is 20203320113 + -201?
20203313312
In base 5, what is -301312 + -202423?
-1004240
In base 9, what is -13234 + 12030?
-1204
In base 11, what is a5744a - -10?
a5745a
In base 10, what is 602714510 - 1?
602714509
In base 6, what is 2 - -21410252?
21410254
In base 8, what is 7 + -71354053?
-71354044
In base 2, what is -1011011011001000001101 + -101?
-1011011011001000010010
In base 11, what is -14281 + -3583?
-17854
In base 14, what is -15b + 470523?
4703a6
In base 9, what is -612 + -31102?
-31714
In base 4, what is 103 + -11320232132?
-11320232023
In base 3, what is 11201002111 + -21000?
11200211111
In base 7, what is -24206230 + 52?
-24206145
In base 7, what is -2045210 + 2430?
-2042450
In base 10, what is -346 - 104994?
-105340
In base 9, what is 66 - -4184?
4261
In base 13, what is 13 + -1b7461?
-1b744b
In base 15, what is -2040a + 10?
-203ea
In base 9, what is -572 + -244440?
-245122
In base 12, what is a6113b + 7?
a61146
In base 2, what is -10010 - -1011011010110000111001?
1011011010110000100111
In base 4, what is -2322 + 3322230222?
3322221300
In base 16, what is 31 + 2fdf90?
2fdfc1
In base 10, what is -7 - -13009857?
13009850
In base 3, what is 10221 + -12220122010?
-12220111012
In base 2, what is 10001 - -10010001000111000101110011?
10010001000111000110000100
In base 12, what is -15 - 225226?
-22523b
In base 8, what is -61442 - -1207?
-60233
In base 16, what is 2a4543 - -59?
2a459c
In base 14, what is 20 + 1d526c?
1d528c
In base 16, what is -3dd76 + -76?
-3ddec
In base 9, what is -1418621 - -2?
-1418618
In base 3, what is 21212002 - -10111?
21222120
In base 11, what is -3754 + -2240?
-5994
In base 13, what is -3 + 59b83a?
59b837
In base 9, what is -33767405 + -3?
-33767408
In base 11, what is 15671a - -104?
156823
In base 6, what is -2 + 30220013?
30220011
In base 2, what is -100101 + 101000101110101101?
101000101110001000
In base 15, what is -29b9 - c057?
-ea21
In base 15, what is 17 - e17236?
-e1721e
In base 4, what is 21212 - 2302002?
-2220130
In base 10, what is -6865115 - 5?
-6865120
In base 16, what is -9 + 1951a2b?
1951a22
In base 11, what is 79 + -12a7515?
-12a7447
In base 10, what is -350369 - 4?
-350373
In base 9, what is -62584261 - 27?
-62584288
In base 10, what is 1064268 - 121?
1064147
In base 8, what is 330124026 - -3?
330124031
In base 2, what is -10101 - -10000001010100010111?
10000001010100000010
In base 15, what is 0 + -6b463?
-6b463
In base 14, what is -106cc + 206?
-104c6
In base 5, what is 2000103311 - 2?
2000103304
In base 10, what is -31 + -1536431?
-1536462
In base 7, what is -15600 + 35603?
20003
In base 4, what is -1103311 - -201120?
-302131
In base 14, what is -4 - 41d290?
-41d294
In base 4, what is -11100322 - 321?
-11101303
In base 6, what is -3315402442 - -11?
-3315402431
In base 15, what is -47075 - 63?
-470d8
In base 13, what is -7c582738 + -1?
-7c582739
In base 2, what is 11001001001110000010 - -111?
11001001001110001001
In base 14, what is -533640 + 31?
-53360d
In base 13, what is 8289191 + -2?
828918c
In base 2, what is 1110001011101001111 + 1001000?
1110001011110010111
In base 2, what is 100000 - -110011011000001101000100?
110011011000001101100100
In base 10, what is 29286782 + -1?
29286781
In base 15, what is 1 + 283b99a?
283b99b
In base 7, what is 610652152 - -1?
610652153
In base 5, what is -11424422334 - 3?
-11424422342
In base 10, what is 0 - 6637597?
-6637597
In base 10, what is 28729237 - -1?
28729238
In base 10, what is 72886 + 24?
72910
In base 7, what is -62320 - 503?
-63123
In base 16, what is 31b + -8be8?
-88cd
In base 8, what is 5325 - 2303?
3022
In base 11, what is 19a4540 + -48?
19a44a3
In base 4, what is 131021321 - 131?
131021130
In base 4, what is -112321 - 1000102?
-1113023
In base 16, what is -3a5f0d2 + -2?
-3a5f0d4
In base 3, what is -2120 + 100211011?
100201121
In bas